te the greatest common factor of 24 and 30.
6
Calculate the greatest common factor of 493 and 51.
17
Calculate the highest common divisor of 33 and 11.
11
Calculate the highest common divisor of 496 and 16.
16
Calculate the greatest common factor of 6 and 30.
6
What is the greatest common divisor of 988 and 52?
52
Calculate the highest common divisor of 5 and 3635.
5
Calculate the greatest common factor of 572 and 52.
52
What is the highest common divisor of 184 and 128?
8
What is the highest common divisor of 726 and 18?
6
Calculate the greatest common divisor of 78 and 7930.
26
Calculate the greatest common divisor of 288 and 6.
6
Calculate the highest common divisor of 6 and 459.
3
Calculate the highest common factor of 3655 and 4085.
215
What is the highest common divisor of 34 and 272?
34
What is the greatest common divisor of 9 and 852?
3
What is the highest common factor of 3953 and 236?
59
What is the greatest common divisor of 3240 and 320?
40
What is the greatest common divisor of 441 and 1701?
63
Calculate the highest common divisor of 456 and 24.
24
Calculate the highest common divisor of 430 and 50.
10
What is the highest common divisor of 96 and 352?
32
Calculate the greatest common divisor of 60 and 1866.
6
Calculate the highest common divisor of 68 and 697.
17
Calculate the greatest common factor of 36 and 400.
4
Calculate the greatest common divisor of 51 and 2873.
17
Calculate the highest common factor of 4 and 220.
4
Calculate the highest common factor of 21 and 189.
21
What is the highest common factor of 585 and 1530?
45
What is the highest common divisor of 140 and 28?
28
Calculate the highest common factor of 232 and 116.
116
What is the greatest common factor of 20320 and 127?
127
What is the greatest common factor of 330 and 810?
30
Calculate the greatest common factor of 15562 and 62.
62
Calculate the highest common factor of 180 and 480.
60
What is the highest common factor of 232 and 4002?
58
Calculate the highest common factor of 98 and 5488.
98
What is the highest common factor of 22 and 44?
22
What is the greatest common divisor of 109 and 29539?
109
Calculate the greatest common factor of 51 and 136.
17
Calculate the highest common factor of 99 and 783.
9
What is the greatest common factor of 36 and 144?
36
What is the highest common factor of 117 and 327?
3
Calculate the highest common factor of 3260 and 20.
20
What is the highest common divisor of 639 and 71?
71
Calculate the greatest common divisor of 62 and 26.
2
What is the greatest common factor of 364 and 13?
13
Calculate the greatest common divisor of 157 and 5.
1
What is the highest common divisor of 351 and 2925?
117
What is the highest common divisor of 80 and 1210?
10
Calculate the greatest common divisor of 1136 and 213.
71
What is the greatest common factor of 494 and 76?
38
What is the highest common divisor of 1350 and 36?
18
What is the greatest common divisor of 172 and 1634?
86
What is the greatest common factor of 285 and 165?
15
Calculate the greatest common factor of 118 and 3.
1
What is the greatest common factor of 1736 and 310?
62
Calculate the highest common factor of 203 and 1653.
29
What is the greatest common factor of 10571 and 11?
11
What is the greatest common divisor of 10813 and 11?
11
What is the greatest common factor of 47 and 4324?
47
What is the highest common factor of 1254 and 1824?
114
What is the greatest common factor of 49 and 910?
7
Calculate the highest common divisor of 276 and 1128.
12
Calculate the greatest common factor of 7146 and 9.
9
What is the highest common factor of 28 and 5012?
28
What is the greatest common factor of 10452 and 12?
12
Calculate the greatest common divisor of 910 and 2210.
130
What is the highest common divisor of 1170 and 18?
18
Calculate the greatest common divisor of 13676 and 104.
52
What is the greatest common factor of 1826 and 66?
22
What is the greatest common factor of 24 and 1128?
24
Calculate the greatest common divisor of 11 and 1628.
11
What is the highest common factor of 1161 and 43?
43
What is the greatest common divisor of 1 and 307?
1
What is the highest common divisor of 85 and 5?
5
What is the greatest common divisor of 46 and 11477?
23
What is the greatest common factor of 600 and 48?
24
Calculate the greatest common divisor of 351 and 14976.
117
Calculate the greatest common divisor of 45 and 7695.
45
Calculate the highest common divisor of 46 and 69.
23
Calculate the highest common factor of 49 and 3871.
49
What is the greatest common divisor of 34 and 34?
34
What is the highest common divisor of 87 and 8352?
87
What is the greatest common divisor of 231 and 33?
33
What is the highest common divisor of 17233 and 19?
19
What is the greatest common divisor of 403 and 208?
13
What is the highest common divisor of 1584 and 44?
44
What is the greatest common divisor of 12906 and 216?
54
Calculate the highest common divisor of 33 and 957.
33
Calculate the highest common factor of 250 and 1550.
50
Calculate the highest common factor of 200 and 1240.
40
What is the highest common divisor of 876 and 5548?
292
Calculate the greatest common divisor of 54 and 189.
27
What is the highest common factor of 6797 and 21?
7
What is the highest common factor of 15 and 6465?
15
Calculate the highest common factor of 20 and 660.
20
Calculate the greatest common divisor of 552 and 16.
8
What is the greatest common factor of 33 and 33?
33
Calculate the greatest common factor of 12 and 124.
4
What is the highest common divisor of 507 and 91?
13
What is the greatest common divisor of 234 and 24?
6
What is the greatest common factor of 435 and 15?
15
Calculate the highest common factor of 36 and 13296.
12
What is the highest common factor of 11 and 1408?
11
What is the greatest common factor of 166 and 9462?
166
Calculate the greatest common divisor of 38 and 247.
19
Calculate the highest common factor of 140 and 98.
14
What is the greatest common factor of 316 and 56?
4
What is the highest common factor of 1711 and 116?
29
What is the highest common divisor of 110 and 132?
22
What is the highest common divisor of 539 and 14?
7
What is the highest common factor of 118 and 3186?
118
What is the greatest common divisor of 1067 and 44?
11
What is the highest common divisor of 404 and 101?
101
What is the highest common factor of 3 and 753?
3
Calculate the highest common factor of 236 and 649.
59
What is the highest common factor of 12309 and 33?
33
Calculate the greatest common divisor of 560 and 42.
14
Calculate the greatest common factor of 756 and 24.
12
What is the greatest common divisor of 200 and 40?
40
What is the highest common factor of 280 and 1540?
140
Calculate the greatest common factor of 1989 and 3861.
117
Calculate the highest common divisor of 774 and 86.
86
What is the highest common factor of 109 and 1744?
109
What is the highest common divisor of 230 and 270?
10
What is the greatest common factor of 20414 and 59?
59
What is the greatest common factor of 707 and 56?
7
Calculate the greatest common divisor of 220 and 88.
44
Calculate the greatest common divisor of 18 and 39.
3
Calculate the highest common divisor of 11360 and 240.
80
Calculate the greatest common divisor of 15 and 420.
15
Calculate the highest common divisor of 517 and 376.
47
What is the highest common factor of 15 and 32?
1
What is the highest common factor of 104 and 728?
104
Calculate the greatest common divisor of 66 and 96.
6
What is the highest common factor of 45 and 423?
9
What is the greatest common divisor of 13 and 4?
1
What is the greatest common divisor of 22 and 374?
22
What is the greatest common divisor of 4 and 512?
4
What is the highest common divisor of 136 and 16?
8
Calculate the highest common divisor of 27 and 1497.
3
What is the highest common factor of 56 and 434?
14
What is the greatest common divisor of 16 and 56?
8
Calculate the highest common divisor of 95964 and 132.
132
What is the highest common divisor of 6 and 15978?
6
Calculate the greatest common divisor of 27 and 8.
1
What is the greatest common factor of 7 and 1757?
7
What is the greatest common divisor of 1157 and 26?
13
What is the greatest common factor of 7 and 1134?
7
What is the greatest common factor of 841 an